 units digit of k?
2
Let v be (3 + 0)/(7 - 6). Suppose 6 = 3*x, v*r - 3*x - 40 = r. Suppose r = 5*u - 47. What is the tens digit of u?
1
What is the units digit of 53059 + 1 - (80 + 18)/49?
8
Suppose 3*k = -15, -k + 6*k = 2*g - 17. What is the units digit of (g + (-54)/(-15))*-55?
2
Let j = 6471 + 8698. What is the units digit of j?
9
Let t(f) = -173*f + 2476. What is the units digit of t(14)?
4
Let x = -75 + 75. What is the hundreds digit of (-8968)/(-20) - (4/10 + x)?
4
Let k = -30 - -30. Let z be 75 - (1 + 0 - k). Suppose 2*s + z = 2*w, 2*w + 3*s = 2*s + 71. What is the tens digit of w?
3
Suppose -2*q = -5*v - 34, -31 = -5*q - v - 0*v. Suppose -33*c + 4312 = -22*c. Suppose -c = -q*a - a. What is the tens digit of a?
4
Let t(u) = 200*u**2 + 3*u - 7. What is the tens digit of t(10)?
2
Let a(w) = 8*w - 38. Let v be a(5). Let g(m) = 53*m**2 + 26*m - 51. What is the units digit of g(v)?
3
What is the tens digit of 5 - 58/12 - (-58499)/42?
9
Let k(x) = -10*x**3 - x**2 - 7*x - 1. Let z be k(-3). Let v = z - -184. What is the tens digit of v?
6
Let d(w) = w**2 - 33. Let z be d(-7). What is the tens digit of 8 - -31*(z + -6)?
1
Suppose 11*r = 19 + 25. Suppose 8 = 4*i + r*c, -3*i + 3*c + 11 = -1. What is the tens digit of ((-4)/6)/(i/(-423)) + 3?
9
Let n(v) = 21*v - 9. Let t(p) = 11*p - 5. Let r(d) = 2*n(d) - 5*t(d). Let z(h) = h**3 - 5. Let l be z(0). What is the tens digit of r(l)?
7
Suppose -5*a - 19465 = -b - 59170, 7*a = -2*b + 55604. What is the tens digit of a?
4
Let y = -401 - -631. Suppose -4*u - 130 = y. Let w = -37 - u. What is the tens digit of w?
5
Let r(b) = -15*b - 32. Let l be r(-2). What is the units digit of ((-1)/1 - l)*(-4 + 10)?
6
Let u(p) be the second derivative of p**3/6 + 39*p**2/2 + 57*p. What is the units digit of u(17)?
6
Let f(v) be the third derivative of -v**6/120 + v**5/3 + v**4 - 10*v**3/3 - v**2 + 20. What is the tens digit of f(21)?
4
Let r(k) = -14*k - 269. Let b be r(-19). What is the hundreds digit of (6/24*6294)/(b/(-2))?
0
Let a(i) = 10 - i**3 - 10*i**2 - i**2 + 16*i**2 - 6*i. Let y be a(4). Suppose -y*o = d - 90, 3*o = -3*d + 6*o + 243. What is the tens digit of d?
8
Let v(g) = 288*g**2 - 88*g - 256. What is the tens digit of v(-3)?
0
Let s = -7 + 9. Suppose -1330 = -3*f - 5*o, -4*f + s*o + 1730 = -0*f. Suppose -2*y = -5*t + y + 411, 5*t - f = -5*y. What is the tens digit of t?
8
Suppose 81*i - 222444 = 39*i + 24*i. What is the tens digit of i?
5
Suppose 4*h + 5*a = 10491, 2*h - 3*h + 2624 = a. Suppose -4*z = -m - h, 0 = -5*z - 2*m + m + 3284. What is the units digit of z?
7
Let d = -81604 - -148635. What is the thousands digit of d?
7
Let p = 1728 - -523. What is the units digit of p?
1
Suppose -5*f - g = -298, 4*f - 4*g - 227 = -g. Suppose -65*x + 282 = -f*x. What is the units digit of x?
7
Let c(r) be the first derivative of -17*r**2/2 + 6*r + 20. Let g be c(-8). Let s = g + 36. What is the tens digit of s?
7
Let a(s) = -42*s**3 - s**2 - s + 1. Let u be a(1). Suppose -69*n + 288 = -37*n. Let x = n - u. What is the tens digit of x?
5
Let w be (95/(-10))/((-1)/4). What is the tens digit of (w/(-190))/(1/(-1535))?
0
Let k = -296 + 307. Suppose -4 - k = 3*o, 2*o = 4*j - 934. What is the units digit of j?
1
Suppose 34*r + 3300 = 73*r - 24*r. Suppose 2*g + 101 = -55. Let i = g + r. What is the units digit of i?
2
Let n(g) = -13*g**3 + g**2 - g - 6. Let p(y) = -39*y**3 + 3*y**2 - 3*y - 16. Let i(u) = -17*n(u) + 6*p(u). What is the units digit of i(-3)?
9
Let k(d) = 4203*d - 43. What is the units digit of k(4)?
9
Let b(k) = -89*k**2 + k. Let i be b(-2). Let t = -106 - i. Suppose 3*q - t = 117. What is the hundreds digit of q?
1
Let w(v) be the second derivative of -319*v**3/6 - 5*v**2/2 - 61*v. What is the tens digit of w(-1)?
1
Suppose 35*o = 25*o - 8830. Let u = o + 1610. What is the hundreds digit of u?
7
Let j = 157 - 547. Let m = -37 - j. What is the tens digit of m?
5
Suppose -49*c + j - 8315 = -51*c, 5*c - 20795 = -4*j. What is the units digit of c?
5
Let m(s) = 29*s**2 + 19*s - 16. Let u be m(4). Suppose -n + 256 = -u. What is the hundreds digit of n?
7
Let w(v) = -2*v**2 - 25*v - 21. Let h be w(-11). Suppose -2*u - 3*j + 48 = 0, h*u - 17*u + 170 = -5*j. What is the tens digit of u?
3
What is the tens digit of ((1/(-6))/((-1)/6))/(13/66989)?
5
Let s = -233 + -87. Let w = s + 907. What is the hundreds digit of w?
5
Suppose -n - 3*u + 1364 = -3587, u = 3*n - 14903. What is the hundreds digit of n?
9
Let d(l) = 3*l**2 + 15*l + 5. Let z be d(-10). Suppose -2*p = -3*t + 2*p + 505, -t + 4*p = -z. What is the hundreds digit of t?
1
Let k(m) = -4*m + 9 - 16*m - 23. Let x be (-10 - -2) + (2 - -1). What is the tens digit of k(x)?
8
Suppose 0 = 129*b + 4*b - 2158723. What is the thousands digit of b?
6
Suppose 4*i - 3*b - 1593 = -406, 5*b - 1440 = -5*i. What is the hundreds digit of (1 + i/(-4))/(1/(-4))?
2
Let o = -557 + 542. What is the tens digit of 21/(6 - (-85)/o)?
6
Suppose -23706 = -6*p - 4*c, -p - 18*c = -14*c - 3951. What is the thousands digit of p?
3
Let u(l) = -l**3 - 2*l**2 + 3*l + 2. Let p be u(-3). Suppose -y - p = -2*y. Suppose -y*b = -0*n + 5*n - 87, -4*n = b - 51. What is the units digit of b?
1
Let g(b) = -8*b**3 + 3*b**2 - 13*b - 59. Let y(f) = -7*f**3 + 4*f**2 - 12*f - 59. Let z(a) = 5*g(a) - 6*y(a). What is the tens digit of z(10)?
2
Suppose 2*p + 44 - 14 = 3*z, 5*z - 3*p - 49 = 0. Suppose h + z*h = 6435. What is the tens digit of h?
1
Let m(z) = -598*z**3 - 5*z - 9. Let q be m(-2). Suppose 90*c - 79*c = q. What is the tens digit of c?
3
Let x be 6 - (-4)/4 - 3. Suppose 5*r - 15 = 0, h + x*h - 3*r - 2511 = 0. What is the units digit of h?
4
Suppose 2*t - 2*p - 24 = 0, 117 = 5*t + 2*p + 29. Let x be (-36)/t*(-400)/15. Suppose 2*o - 6*o = -x. What is the units digit of o?
5
Suppose 3*s = -3*k + 7*s + 7, 3*k - s = 4. Let d(u) = 3*u - 1. Let g be d(k). Suppose -5*h - 5*b = -170, 5*h - 3*b + g*b = 152. What is the units digit of h?
1
Suppose -4*f - 8*y + 124 = -4*y, 4*y + 107 = 3*f. Suppose -4252 = f*r - 35*r. What is the units digit of 6/15 + r/10?
3
Suppose -v - 3*v = 5*l - 24301, 3*v = l - 4845. What is the hundreds digit of l?
8
Let h = 1791 + -876. Suppose -11*z + 284 = -h. What is the units digit of z?
9
Let b(u) = -78*u**2 - 2*u + 5. Let f be ((-4)/(-12))/((-3)/(-18)). Let g be b(f). Let n = -61 - g. What is the units digit of n?
0
Let x(c) = -5*c**2 - 10 + 2 - c**2 + 406*c**3 + 0 - 2*c - 407*c**3. Suppose 3*h + w = -17, 7*w + 13 = -3*h + 2*w. What is the units digit of x(h)?
4
Suppose -19*t = -1 - 37. Suppose -4*u + t*k = -692 - 528, -u + 316 = 5*k. What is the units digit of u?
6
Let x(w) = w - 7. Let h be x(7). Suppose -p + 4*z = 4*p - 1058, h = 2*z - 6. What is the units digit of p?
4
Let f(l) = 2*l**2 + 15 - 15 - 3*l**2 + 4*l + 21. Let u be f(-5). What is the units digit of (u/(-9))/((-4)/(-444))?
6
Suppose 3*t = 86 + 286. Let a = -194 + 199. Suppose a*r + 19 - t = 0. What is the tens digit of r?
2
Let x(w) = 2*w + 24. Let c be x(-9). What is the tens digit of (400 - 18) + 1*c?
8
Suppose 2*s - 40 = 2*p, 0*p + 3*p - 140 = -5*s. Let j = 25 - s. What is the units digit of (-1 - j)/(8/(-392))?
9
Suppose -60 = 28*b - 33*b. What is the hundreds digit of (-9426)/(-24) - 6 - (-3)/b?
3
Suppose -4*u - 8408 = -1328. Let g be u/4*8/(-10). Suppose 3*a - 252 = g. What is the units digit of a?
2
Let v = 18496 - 11232. What is the thousands digit of v?
7
Suppose -40*k + 96201 = -39559. What is the units digit of k?
4
Suppose 0 = -4*f - 3*m + 204305, 0 = -123*f + 118*f + 4*m + 255389. What is the hundreds digit of f?
0
Suppose -4594*b + 1957 = -4588*b - 2051. What is the units digit of b?
8
What is the tens digit of (-3 - (-46)/14)/((-3)/(-102963))?
0
Suppose 2*s - 25 = 19. Suppose -2*d = -4*k + s, 34 = -0*k + 5*k + 4*d. What is the tens digit of k/((-24)/(-20))*11?
5
Let p be ((-56)/84)/(-2*(-1)/(-9)). Suppose -w + 3162 = 3*s - 4*w, p*s - 3170 = 5*w. What is the hundreds digit of s?
0
Let t(b) be the first derivative of -b**3/3 - b**2 + 42*b + 2. Suppose -62*w + 36*w = 0. What is the units digit of t(w)?
2
Let n = -50 + 35. Let v(b) = -61*b - 7. Let w(x) = -31*x - 3. Let u(l) = n*w(l) + 6*v(l). What is the tens digit of u(1)?
0
Suppose 711*y - 313312 = 703*y. What is the thousands digit of y?
9
Suppo